{"id":661,"date":"2018-08-24T15:14:15","date_gmt":"2018-08-24T13:14:15","guid":{"rendered":"http:\/\/www.lebistrotblonvillais.fr\/?page_id=661"},"modified":"2018-09-17T21:13:04","modified_gmt":"2018-09-17T19:13:04","slug":"politique-de-confidentialite","status":"publish","type":"page","link":"https:\/\/www.lebistrotblonvillais.fr\/index.php\/politique-de-confidentialite\/","title":{"rendered":"Politique de confidentialit\u00e9"},"content":{"rendered":"<section class=\"content content-page\">\n<div class=\"container-fluid\">\n<div class=\"row\">\n<div class=\"col-xs-12\">\n<div class=\"page-message\">\n<h2>Qui sommes-nous\u00a0?<\/h2>\n<p>L\u2019adresse de notre site Web est\u00a0: http:\/\/www.lebistrotblonvillais.fr<\/p>\n<p>&nbsp;<\/p>\n<p><strong>Utilisation des donn\u00e9es personnelles collect\u00e9es :<\/strong><\/p>\n<p><strong>M\u00e9dias<\/strong><br \/>\nSi vous \u00eates un utilisateur ou une utilisatrice enregistr\u00e9\u00b7e et que vous t\u00e9l\u00e9versez des images sur le site web, nous vous conseillons d\u2019\u00e9viter de t\u00e9l\u00e9verser des images contenant des donn\u00e9es EXIF de coordonn\u00e9es GPS. Les visiteurs de votre site web peuvent t\u00e9l\u00e9charger et extraire des donn\u00e9es de localisation depuis ces images.<\/p>\n<p><strong>Commentaires<\/strong><br \/>\nQuand vous laissez un commentaire sur notre site web, les donn\u00e9es inscrites dans le formulaire de commentaire, mais aussi votre adresse IP et l\u2019agent utilisateur de votre navigateur sont collect\u00e9s pour nous aider \u00e0 la d\u00e9tection des commentaires ind\u00e9sirables.<br \/>\nUne cha\u00eene anonymis\u00e9e cr\u00e9\u00e9e \u00e0 partir de votre adresse de messagerie (\u00e9galement appel\u00e9e hash) peut \u00eatre envoy\u00e9e au service Gravatar pour v\u00e9rifier si vous utilisez ce dernier. Les clauses de confidentialit\u00e9 du service Gravatar sont disponibles ici : https:\/\/automattic.com\/privacy\/. Apr\u00e8s validation de votre commentaire, votre photo de profil sera visible publiquement \u00e0 cot\u00e9 de votre commentaire.<\/p>\n<p><strong>Cookies<\/strong><br \/>\nSi vous d\u00e9posez un commentaire sur notre site, il vous sera propos\u00e9 d\u2019enregistrer votre nom, adresse de messagerie et site web dans des cookies. C\u2019est uniquement pour votre confort afin de ne pas avoir \u00e0 saisir ces informations si vous d\u00e9posez un autre commentaire plus tard. Ces cookies expirent au bout d\u2019un an. Si vous avez un compte et que vous vous connectez sur ce site, un cookie temporaire sera cr\u00e9\u00e9 afin de d\u00e9terminer si votre navigateur accepte les cookies. Il ne contient pas de donn\u00e9es personnelles et sera supprim\u00e9 automatiquement \u00e0 la fermeture de votre navigateur.<br \/>\nLorsque vous vous connecterez, nous mettrons en place un certain nombre de cookies pour enregistrer vos informations de connexion et vos pr\u00e9f\u00e9rences d\u2019\u00e9cran. La dur\u00e9e de vie d\u2019un cookie de connexion est de deux jours, celle d\u2019un cookie d\u2019option d\u2019\u00e9cran est d\u2019un an. Si vous cochez \u00ab\u00a0Se souvenir de moi\u00a0\u00bb, votre cookie de connexion sera conserv\u00e9 pendant deux semaines. Si vous vous d\u00e9connectez de votre compte, le cookie de connexion sera effac\u00e9. En modifiant ou en publiant un article, un cookie suppl\u00e9mentaire sera enregistr\u00e9 dans votre navigateur. Ce cookie ne comprend aucune donn\u00e9e personnelle. Il indique simplement l\u2019identifiant de l\u2019article que vous venez de modifier. Il expire au bout d\u2019un jour.<br \/>\nPour retrouver l\u2019ensemble des informations relatives \u00e0 l\u2019utilisation et au param\u00e9trage des cookies, veuillez cliquer ici : https:\/\/www.cnil.fr\/fr\/cookies-les-outils-pour-les-maitriser.<\/p>\n<p><strong>Contenu embarqu\u00e9 depuis d\u2019autres sites<\/strong><br \/>\nLes articles de ce site peuvent inclure des contenus int\u00e9gr\u00e9s (par exemple des vid\u00e9os, images, articles\u2026). Le contenu int\u00e9gr\u00e9 depuis d\u2019autres sites se comporte de la m\u00eame mani\u00e8re que si le visiteur se rendait sur cet autre site. Ces sites web pourraient collecter des donn\u00e9es sur vous, utiliser des cookies, embarquer des outils de suivis tiers, suivre vos interactions avec ces contenus embarqu\u00e9s si vous disposez d\u2019un compte connect\u00e9 sur leur site web.<\/p>\n<p><strong>Protection des donn\u00e9es personnelles ou nominatives<\/strong><br \/>\nLe R\u00e8glement G\u00e9n\u00e9ral de Protection des donn\u00e9es (RGPD) entrant en vigueur le 25 mai 2018, d\u00e9finissent les principes \u00e0 respecter lors de la collecte, du traitement et de la conversation de donn\u00e9es personnelles. Ils garantissent aussi les droits pour les personnes concern\u00e9es. \u00ab Les informations recueillies font l\u2019objet d\u2019un traitement informatique destin\u00e9 au traitement de votre demande. Le destinataire des donn\u00e9es est l\u2019\u00e9diteur du site. Conform\u00e9ment \u00e0 la loi \u00ab informatique et libert\u00e9s \u00bb du 6 janvier 1978 modifi\u00e9e en 2004, vous b\u00e9n\u00e9ficiez d\u2019un droit d\u2019acc\u00e8s et de rectification aux informations qui vous concernent, que vous pouvez exercer en vous adressant \u00e0 l\u2019\u00e9diteur du site. Vous pouvez \u00e9galement, pour des motifs l\u00e9gitimes, vous opposer au traitement des donn\u00e9es vous concernant. \u00bb. Ce site est conforme \u00e0 la r\u00e9glementation europ\u00e9enne RGDP mise en application le 25 mai 2018.<\/p>\n<p><strong>Finalit\u00e9 de la collecte des donn\u00e9es personnelles<\/strong><br \/>\nLe recueil des donn\u00e9es sur le site www.lebistrotblonvillais.fr est utilis\u00e9 \u00e0 des fins statistiques, pour contacter et \/ ou proposer des contenus pertinents aux contacts.<br \/>\nEn soumettant le formulaire et en cochant la case \u00e0 cocher de consentement du formulaire, l\u2019internaute donne express\u00e9ment son accord pour que les donn\u00e9es \u00e0 caract\u00e8re personnel soient trait\u00e9es pour la finalit\u00e9 de gestion de la relation commerciale. Les formulaires de ce site qui demandent des informations personnelles de l\u2019internaute (nom, localisation, mail, num\u00e9ro de t\u00e9l\u00e9phone, etc\u2026 ) et qui les stockent en base de donn\u00e9es r\u00e9clament le consentement explicite de celui-ci sans limite de dur\u00e9e de validit\u00e9. Les donn\u00e9es r\u00e9colt\u00e9es par ces formulaires sont sans limite de dur\u00e9e. Vous pouvez cependant \u00e0 tout moment demander la consultation et suppression de ces informations aupr\u00e8s du Bistrot Blonvillais.<br \/>\nEn aucun cas, les donn\u00e9es personnelles saisies et envoy\u00e9es sur les formulaires du site www.lebistrotblonvillais.fr ne seront transmises, lou\u00e9es ou commercialis\u00e9es \u00e0 des tiers.<br \/>\nUn accord de confidentialit\u00e9 est sign\u00e9 lors de toute prestation qui oblige Le Bistrot Blonvillais \u00e0 respecter la confidentialit\u00e9 des donn\u00e9es sous peine de sanctions.<\/p>\n<p><strong>S\u00e9curit\u00e9 des donn\u00e9es personnelles<\/strong><br \/>\nSeules les personnes li\u00e9es au service technique, marketing et commercial du Bistrot Blonvillais et ses sous-traitants ont acc\u00e8s aux informations recueillies sur le site www.lebistrotblonvillais.fr via un acc\u00e8s personnel et unique.<\/p>\n<p><strong>Dur\u00e9es de stockage de vos donn\u00e9es<\/strong><br \/>\nSi vous laissez un commentaire, le commentaire et ses m\u00e9tadonn\u00e9es sont conserv\u00e9s ind\u00e9finiment. Cela permet de reconna\u00eetre et approuver automatiquement les commentaires suivants au lieu de les laisser dans la file de mod\u00e9ration.<br \/>\nPour les utilisateurs et utilisatrices qui s\u2019enregistrent sur notre site (si cela est possible), nous stockons \u00e9galement les donn\u00e9es personnelles indiqu\u00e9es dans leur profil. Tous les utilisateurs et utilisatrices peuvent voir, modifier ou supprimer leurs informations personnelles \u00e0 tout moment (\u00e0 l\u2019exception de leur nom d\u2019utilisateur\u00b7ice). Les gestionnaires du site peuvent aussi voir et modifier ces informations.<\/p>\n<p><strong>Les droits que vous avez sur vos donn\u00e9es<\/strong><br \/>\nCela ne prend pas en compte les donn\u00e9es stock\u00e9es \u00e0 des fins administratives, l\u00e9gales ou pour des raisons de s\u00e9curit\u00e9.<\/p>\n<p>&nbsp;<\/p>\n<p><strong>Informations de contact :<\/strong><\/p>\n<p><strong>Responsable du traitement des donn\u00e9es personnelles<\/strong><br \/>\nLes donn\u00e9es personnelles sont collect\u00e9e sur le site par Le Bistrot Blonvillais, SIRET 48826220500039.<br \/>\nDroit acc\u00e8s, de rectification ou de suppression des donn\u00e9s personnelles<br \/>\nConform\u00e9ment \u00e0 la loi Informatiques et Libert\u00e9s du 6 janvier 1978 modifi\u00e9e, et le R\u00e8glement Europ\u00e9en G\u00e9n\u00e9ral sur la Protection des Donn\u00e9es 2016\/679 (RGPD), vous disposez des droits d\u2019acc\u00e8s, de rectification et de suppression des donn\u00e9es personnelles vous concernant que vous pouvez exercer en envoyant par courrier \u00e0 l\u2019adresse du si\u00e8ge social : Le Bistrot Blonvillais, D\u00e9l\u00e9gu\u00e9 \u00e0 la Protection des Donn\u00e9es, 4 rue du G\u00e9n\u00e9ral Leclerc \u2013 14910 Blonville-sur-mer.<\/p>\n<p>Le site www.lebistrotblonvillais.fr est la propri\u00e9t\u00e9 du Bistrot Blonvillais et rel\u00e8ve de la l\u00e9gislation fran\u00e7aise sur le droit d\u2019auteur et la propri\u00e9t\u00e9 intellectuelle. Tous les droits de reproduction sont r\u00e9serv\u00e9s, y compris pour les documents t\u00e9l\u00e9chargeables, les repr\u00e9sentations photographiques et iconographiques. La reproduction de tout ou une partie du site sur un support \u00e9lectronique est formellement interdite.<\/p>\n<p>&nbsp;<\/p>\n<p>Tousdroitsr\u00e9serv\u00e9s\u00a9lebistrotblonvillais<\/p>\n<\/div>\n<div class=\"page-edit clearfix\"><\/div>\n<\/div>\n<\/div>\n<\/div>\n<\/section>\n","protected":false},"excerpt":{"rendered":"<p>Qui sommes-nous\u00a0? L\u2019adresse de notre site Web est\u00a0: http:\/\/www.lebistrotblonvillais.fr &nbsp; Utilisation des donn\u00e9es personnelles collect\u00e9es : M\u00e9dias Si vous \u00eates un utilisateur ou une utilisatrice enregistr\u00e9\u00b7e et que vous t\u00e9l\u00e9versez des images sur le site web, nous vous conseillons d\u2019\u00e9viter&#8230; <a class=\"direadmore\" href=\"https:\/\/www.lebistrotblonvillais.fr\/index.php\/politique-de-confidentialite\/\"> Continue Reading&#8230;<\/a><\/p>\n","protected":false},"author":1,"featured_media":337,"parent":0,"menu_order":0,"comment_status":"closed","ping_status":"closed","template":"","meta":{"ngg_post_thumbnail":0},"aioseo_notices":[],"_links":{"self":[{"href":"https:\/\/www.lebistrotblonvillais.fr\/index.php\/wp-json\/wp\/v2\/pages\/661"}],"collection":[{"href":"https:\/\/www.lebistrotblonvillais.fr\/index.php\/wp-json\/wp\/v2\/pages"}],"about":[{"href":"https:\/\/www.lebistrotblonvillais.fr\/index.php\/wp-json\/wp\/v2\/types\/page"}],"author":[{"embeddable":true,"href":"https:\/\/www.lebistrotblonvillais.fr\/index.php\/wp-json\/wp\/v2\/users\/1"}],"replies":[{"embeddable":true,"href":"https:\/\/www.lebistrotblonvillais.fr\/index.php\/wp-json\/wp\/v2\/comments?post=661"}],"version-history":[{"count":1,"href":"https:\/\/www.lebistrotblonvillais.fr\/index.php\/wp-json\/wp\/v2\/pages\/661\/revisions"}],"predecessor-version":[{"id":662,"href":"https:\/\/www.lebistrotblonvillais.fr\/index.php\/wp-json\/wp\/v2\/pages\/661\/revisions\/662"}],"wp:featuredmedia":[{"embeddable":true,"href":"https:\/\/www.lebistrotblonvillais.fr\/index.php\/wp-json\/wp\/v2\/media\/337"}],"wp:attachment":[{"href":"https:\/\/www.lebistrotblonvillais.fr\/index.php\/wp-json\/wp\/v2\/media?parent=661"}],"curies":[{"name":"wp","href":"https:\/\/api.w.org\/{rel}","templated":true}]}}